CRAN Package Check Results for Package ptest

Last updated on 2020-07-02 02:09:57 CEST.

Flavor Version Tinstall Tcheck Ttotal Status Flags
r-devel-linux-x86_64-debian-clang 1.0-8 10.11 89.66 99.77 OK
r-devel-linux-x86_64-debian-gcc 1.0-8 8.26 68.11 76.37 OK
r-devel-linux-x86_64-fedora-clang 1.0-8 127.14 NOTE
r-devel-linux-x86_64-fedora-gcc 1.0-8 118.00 NOTE
r-devel-windows-ix86+x86_64 1.0-8 33.00 122.00 155.00 OK
r-patched-linux-x86_64 1.0-8 8.91 88.63 97.54 OK
r-patched-solaris-x86 1.0-8 175.10 OK
r-release-linux-x86_64 1.0-8 9.36 91.29 100.65 OK
r-release-osx-x86_64 1.0-8 OK
r-release-windows-ix86+x86_64 1.0-8 24.00 117.00 141.00 OK
r-oldrel-osx-x86_64 1.0-8 OK
r-oldrel-windows-ix86+x86_64 1.0-8 34.00 140.00 174.00 OK

Check Details

Version: 1.0-8
Check: compiled code
Result: NOTE
    File ‘ptest/libs/ptest.so’:
     Found no calls to: ‘R_registerRoutines’, ‘R_useDynamicSymbols’
    
    It is good practice to register native routines and to disable symbol
    search.
    
    See ‘Writing portable packages’ in the ‘Writing R Extensions’ manual.
Flavors: r-devel-linux-x86_64-fedora-clang, r-devel-linux-x86_64-fedora-gcc