Last updated on 2020-07-02 02:09:58 CEST.
Flavor | Version | Tinstall | Tcheck | Ttotal | Status | Flags |
---|---|---|---|---|---|---|
r-devel-linux-x86_64-debian-clang | 0.9.1 | 116.74 | 402.88 | 519.62 | OK | |
r-devel-linux-x86_64-debian-gcc | 0.9.1 | 92.09 | 314.15 | 406.24 | OK | |
r-devel-linux-x86_64-fedora-clang | 0.9.1 | 645.24 | NOTE | |||
r-devel-linux-x86_64-fedora-gcc | 0.9.1 | 686.42 | NOTE | |||
r-devel-windows-ix86+x86_64 | 0.9.1 | 316.00 | 704.00 | 1020.00 | NOTE | |
r-patched-linux-x86_64 | 0.9.1 | 96.37 | 386.57 | 482.94 | OK | |
r-patched-solaris-x86 | 0.9.1 | 1092.10 | NOTE | |||
r-release-linux-x86_64 | 0.9.1 | 98.32 | 392.17 | 490.49 | OK | |
r-release-osx-x86_64 | 0.9.1 | NOTE | ||||
r-release-windows-ix86+x86_64 | 0.9.1 | 218.00 | 535.00 | 753.00 | NOTE | |
r-oldrel-osx-x86_64 | 0.9.1 | NOTE | ||||
r-oldrel-windows-ix86+x86_64 | 0.9.1 | 296.00 | 656.00 | 952.00 | NOTE |
Version: 0.9.1
Check: installed package size
Result: NOTE
installed size is 11.1Mb
sub-directories of 1Mb or more:
data 3.9Mb
libs 6.9Mb
Flavors: r-devel-linux-x86_64-fedora-clang, r-devel-windows-ix86+x86_64, r-release-osx-x86_64, r-release-windows-ix86+x86_64, r-oldrel-osx-x86_64, r-oldrel-windows-ix86+x86_64
Version: 0.9.1
Check: data for non-ASCII characters
Result: NOTE
Note: found 35707 marked UTF-8 strings
Flavors: r-devel-linux-x86_64-fedora-clang, r-devel-linux-x86_64-fedora-gcc, r-patched-solaris-x86, r-release-osx-x86_64, r-oldrel-osx-x86_64