Last updated on 2020-07-02 02:10:00 CEST.
Flavor | Version | Tinstall | Tcheck | Ttotal | Status | Flags |
---|---|---|---|---|---|---|
r-devel-linux-x86_64-debian-clang | 1.3.14 | 9.54 | 85.18 | 94.72 | NOTE | |
r-devel-linux-x86_64-debian-gcc | 1.3.14 | 8.66 | 63.13 | 71.79 | NOTE | |
r-devel-linux-x86_64-fedora-clang | 1.3.14 | 120.69 | NOTE | |||
r-devel-linux-x86_64-fedora-gcc | 1.3.14 | 110.78 | NOTE | |||
r-devel-windows-ix86+x86_64 | 1.3.14 | 39.00 | 103.00 | 142.00 | OK | |
r-patched-linux-x86_64 | 1.3.14 | 10.93 | 81.25 | 92.18 | NOTE | |
r-patched-solaris-x86 | 1.3.14 | 166.70 | NOTE | |||
r-release-linux-x86_64 | 1.3.14 | 9.22 | 84.74 | 93.96 | NOTE | |
r-release-osx-x86_64 | 1.3.14 | OK | ||||
r-release-windows-ix86+x86_64 | 1.3.14 | 24.00 | 99.00 | 123.00 | OK | |
r-oldrel-osx-x86_64 | 1.3.14 | OK | ||||
r-oldrel-windows-ix86+x86_64 | 1.3.14 | 29.00 | 132.00 | 161.00 | OK |
Version: 1.3.14
Check: for non-standard things in the check directory
Result: NOTE
Found the following files/directories:
'Database' 'rSQM.yaml' 'rSQM_Sample_Project' 'sample_script.R'
Flavors: r-devel-linux-x86_64-debian-clang, r-devel-linux-x86_64-debian-gcc, r-devel-linux-x86_64-fedora-clang, r-devel-linux-x86_64-fedora-gcc, r-patched-linux-x86_64, r-patched-solaris-x86, r-release-linux-x86_64