Last updated on 2020-07-02 02:09:58 CEST.
Flavor | Version | Tinstall | Tcheck | Ttotal | Status | Flags |
---|---|---|---|---|---|---|
r-devel-linux-x86_64-debian-clang | 0.1.6 | 208.50 | 230.20 | 438.70 | NOTE | |
r-devel-linux-x86_64-debian-gcc | 0.1.6 | 154.46 | 174.70 | 329.16 | NOTE | |
r-devel-linux-x86_64-fedora-clang | 0.1.6 | 586.76 | NOTE | |||
r-devel-linux-x86_64-fedora-gcc | 0.1.6 | 531.47 | NOTE | |||
r-devel-windows-ix86+x86_64 | 0.1.6 | 342.00 | 6.00 | 348.00 | ERROR | |
r-patched-linux-x86_64 | 0.1.6 | 167.03 | 228.74 | 395.77 | NOTE | |
r-patched-solaris-x86 | 0.1.6 | 778.10 | NOTE | |||
r-release-linux-x86_64 | 0.1.6 | 165.82 | 225.44 | 391.26 | NOTE | |
r-release-osx-x86_64 | 0.1.6 | NOTE | ||||
r-release-windows-ix86+x86_64 | 0.1.6 | 370.00 | 378.00 | 748.00 | NOTE | |
r-oldrel-osx-x86_64 | 0.1.6 | NOTE | ||||
r-oldrel-windows-ix86+x86_64 | 0.1.6 | 440.00 | 507.00 | 947.00 | NOTE |
Version: 0.1.6
Check: package dependencies
Result: NOTE
Package suggested but not available for checking: 'gurobi'
Flavors: r-devel-linux-x86_64-debian-clang, r-devel-linux-x86_64-debian-gcc, r-devel-linux-x86_64-fedora-clang, r-devel-linux-x86_64-fedora-gcc, r-devel-windows-ix86+x86_64, r-patched-linux-x86_64, r-patched-solaris-x86, r-release-linux-x86_64, r-release-osx-x86_64, r-release-windows-ix86+x86_64, r-oldrel-osx-x86_64, r-oldrel-windows-ix86+x86_64
Version: 0.1.6
Check: installed package size
Result: NOTE
installed size is 18.8Mb
sub-directories of 1Mb or more:
data 3.6Mb
doc 1.4Mb
libs 13.1Mb
Flavors: r-devel-linux-x86_64-fedora-clang, r-patched-solaris-x86, r-release-osx-x86_64, r-release-windows-ix86+x86_64, r-oldrel-osx-x86_64, r-oldrel-windows-ix86+x86_64
Version: 0.1.6
Check: whether package can be installed
Result: ERROR
Installation failed.
Flavor: r-devel-windows-ix86+x86_64