Last updated on 2020-07-02 02:09:58 CEST.
Flavor | Version | Tinstall | Tcheck | Ttotal | Status | Flags |
---|---|---|---|---|---|---|
r-devel-linux-x86_64-debian-clang | 0.3-3 | 13.05 | 101.27 | 114.32 | OK | |
r-devel-linux-x86_64-debian-gcc | 0.3-3 | 11.06 | 80.21 | 91.27 | OK | |
r-devel-linux-x86_64-fedora-clang | 0.3-3 | 146.31 | NOTE | |||
r-devel-linux-x86_64-fedora-gcc | 0.3-3 | 138.96 | OK | |||
r-devel-windows-ix86+x86_64 | 0.3-3 | 40.00 | 104.00 | 144.00 | OK | |
r-patched-linux-x86_64 | 0.3-3 | 13.55 | 101.98 | 115.53 | OK | |
r-patched-solaris-x86 | 0.3-3 | 211.80 | OK | |||
r-release-linux-x86_64 | 0.3-3 | 14.72 | 102.21 | 116.93 | OK | |
r-release-osx-x86_64 | 0.3-3 | NOTE | ||||
r-release-windows-ix86+x86_64 | 0.3-3 | 26.00 | 117.00 | 143.00 | OK | |
r-oldrel-osx-x86_64 | 0.3-3 | WARN | ||||
r-oldrel-windows-ix86+x86_64 | 0.3-3 | 33.00 | 141.00 | 174.00 | OK |
Version: 0.3-3
Check: Rd cross-references
Result: NOTE
Undeclared package ‘maptools’ in Rd xrefs
Flavor: r-devel-linux-x86_64-fedora-clang
Version: 0.3-3
Check: package dependencies
Result: NOTE
Package suggested but not available for checking: ‘rpanel’
Flavors: r-release-osx-x86_64, r-oldrel-osx-x86_64
Version: 0.3-3
Check: whether package can be installed
Result: WARN
Found the following significant warnings:
Warning: 'rgl_init' failed, running with rgl.useNULL = TRUE
Flavor: r-oldrel-osx-x86_64