CRAN Package Check Results for Package rdoc

Last updated on 2020-07-02 02:09:58 CEST.

Flavor Version Tinstall Tcheck Ttotal Status Flags
r-devel-linux-x86_64-debian-clang 0.1.0 3.38 38.13 41.51 OK
r-devel-linux-x86_64-debian-gcc 0.1.0 2.97 30.57 33.54 OK
r-devel-linux-x86_64-fedora-clang 0.1.0 58.42 NOTE
r-devel-linux-x86_64-fedora-gcc 0.1.0 48.94 NOTE
r-devel-windows-ix86+x86_64 0.1.0 13.00 68.00 81.00 OK
r-patched-linux-x86_64 0.1.0 4.11 38.11 42.22 OK
r-patched-solaris-x86 0.1.0 72.30 NOTE
r-release-linux-x86_64 0.1.0 4.51 38.76 43.27 OK
r-release-osx-x86_64 0.1.0 NOTE
r-release-windows-ix86+x86_64 0.1.0 8.00 53.00 61.00 OK
r-oldrel-osx-x86_64 0.1.0 NOTE
r-oldrel-windows-ix86+x86_64 0.1.0 10.00 73.00 83.00 OK

Check Details

Version: 0.1.0
Check: dependencies in R code
Result: NOTE
    Namespace in Imports field not imported from: ‘R6’
     All declared Imports should be used.
Flavors: r-devel-linux-x86_64-fedora-clang, r-devel-linux-x86_64-fedora-gcc, r-patched-solaris-x86, r-release-osx-x86_64, r-oldrel-osx-x86_64