Last updated on 2020-07-02 02:09:58 CEST.
Flavor | Version | Tinstall | Tcheck | Ttotal | Status | Flags |
---|---|---|---|---|---|---|
r-devel-linux-x86_64-debian-clang | 1.2.1 | 7.22 | 44.60 | 51.82 | OK | |
r-devel-linux-x86_64-debian-gcc | 1.2.1 | 5.14 | 34.68 | 39.82 | OK | |
r-devel-linux-x86_64-fedora-clang | 1.2.1 | 68.70 | NOTE | |||
r-devel-linux-x86_64-fedora-gcc | 1.2.1 | 60.81 | NOTE | |||
r-devel-windows-ix86+x86_64 | 1.2.1 | 18.00 | 83.00 | 101.00 | OK | |
r-patched-linux-x86_64 | 1.2.1 | 6.61 | 44.71 | 51.32 | OK | |
r-patched-solaris-x86 | 1.2.1 | 86.20 | NOTE | |||
r-release-linux-x86_64 | 1.2.1 | 6.54 | 44.65 | 51.19 | OK | |
r-release-osx-x86_64 | 1.2.1 | NOTE | ||||
r-release-windows-ix86+x86_64 | 1.2.1 | 12.00 | 55.00 | 67.00 | OK | |
r-oldrel-osx-x86_64 | 1.2.1 | NOTE | ||||
r-oldrel-windows-ix86+x86_64 | 1.2.1 | 29.00 | 92.00 | 121.00 | OK |
Version: 1.2.1
Check: dependencies in R code
Result: NOTE
Namespace in Imports field not imported from: ‘gtools’
All declared Imports should be used.
Flavors: r-devel-linux-x86_64-fedora-clang, r-devel-linux-x86_64-fedora-gcc, r-patched-solaris-x86, r-release-osx-x86_64, r-oldrel-osx-x86_64