CRAN Package Check Results for Package recmap

Last updated on 2020-07-02 02:09:58 CEST.

Flavor Version Tinstall Tcheck Ttotal Status Flags
r-devel-linux-x86_64-debian-clang 1.0.7 25.83 164.31 190.14 OK
r-devel-linux-x86_64-debian-gcc 1.0.7 19.65 114.65 134.30 OK
r-devel-linux-x86_64-fedora-clang 1.0.7 232.87 NOTE
r-devel-linux-x86_64-fedora-gcc 1.0.7 211.25 NOTE
r-devel-windows-ix86+x86_64 1.0.7 69.00 196.00 265.00 OK
r-patched-linux-x86_64 1.0.7 20.99 148.61 169.60 OK
r-patched-solaris-x86 1.0.7 228.70 NOTE
r-release-linux-x86_64 1.0.7 20.86 146.83 167.69 OK
r-release-osx-x86_64 1.0.7 NOTE
r-release-windows-ix86+x86_64 1.0.7 49.00 203.00 252.00 OK
r-oldrel-osx-x86_64 1.0.7 NOTE
r-oldrel-windows-ix86+x86_64 1.0.7 49.00 256.00 305.00 OK

Check Details

Version: 1.0.7
Check: data for non-ASCII characters
Result: NOTE
     Note: found 1036 marked UTF-8 strings
Flavors: r-devel-linux-x86_64-fedora-clang, r-devel-linux-x86_64-fedora-gcc, r-patched-solaris-x86, r-release-osx-x86_64, r-oldrel-osx-x86_64