CRAN Package Check Results for Package relMix

Last updated on 2020-07-02 02:09:59 CEST.

Flavor Version Tinstall Tcheck Ttotal Status Flags
r-devel-linux-x86_64-debian-clang 1.3.1 4.20 32.12 36.32 OK
r-devel-linux-x86_64-debian-gcc 1.3.1 3.18 25.03 28.21 OK
r-devel-linux-x86_64-fedora-clang 1.3.1 51.01 NOTE
r-devel-linux-x86_64-fedora-gcc 1.3.1 43.13 NOTE
r-devel-windows-ix86+x86_64 1.3.1 11.00 47.00 58.00 OK
r-patched-linux-x86_64 1.3.1 3.10 32.06 35.16 OK
r-patched-solaris-x86 1.3.1 66.40 NOTE
r-release-linux-x86_64 1.3.1 3.59 32.12 35.71 OK
r-release-osx-x86_64 1.3.1 NOTE
r-release-windows-ix86+x86_64 1.3.1 7.00 46.00 53.00 OK
r-oldrel-osx-x86_64 1.3.1 NOTE
r-oldrel-windows-ix86+x86_64 1.3.1 14.00 69.00 83.00 OK

Check Details

Version: 1.3.1
Check: dependencies in R code
Result: NOTE
    Namespace in Imports field not imported from: ‘gWidgets2tcltk’
     All declared Imports should be used.
Flavors: r-devel-linux-x86_64-fedora-clang, r-devel-linux-x86_64-fedora-gcc, r-patched-solaris-x86, r-release-osx-x86_64

Version: 1.3.1
Check: dependencies in R code
Result: NOTE
    No protocol specified
    No protocol specified
    No protocol specified
    No protocol specified
    Namespace in Imports field not imported from: ‘gWidgets2tcltk’
     All declared Imports should be used.
Flavor: r-oldrel-osx-x86_64