Last updated on 2020-07-02 02:09:59 CEST.
Flavor | Version | Tinstall | Tcheck | Ttotal | Status | Flags |
---|---|---|---|---|---|---|
r-devel-linux-x86_64-debian-clang | 1.2.0 | 2.46 | 30.46 | 32.92 | OK | |
r-devel-linux-x86_64-debian-gcc | 1.2.0 | 1.91 | 23.61 | 25.52 | OK | |
r-devel-linux-x86_64-fedora-clang | 1.2.0 | 47.89 | OK | |||
r-devel-linux-x86_64-fedora-gcc | 1.2.0 | 39.98 | OK | |||
r-devel-windows-ix86+x86_64 | 1.2.0 | 11.00 | 43.00 | 54.00 | OK | |
r-patched-linux-x86_64 | 1.2.0 | 2.58 | 29.90 | 32.48 | OK | |
r-patched-solaris-x86 | 1.2.0 | 62.80 | OK | |||
r-release-linux-x86_64 | 1.2.0 | 2.74 | 30.95 | 33.69 | OK | |
r-release-osx-x86_64 | 1.2.0 | WARN | ||||
r-release-windows-ix86+x86_64 | 1.2.0 | 8.00 | 43.00 | 51.00 | OK | |
r-oldrel-osx-x86_64 | 1.2.0 | OK | ||||
r-oldrel-windows-ix86+x86_64 | 1.2.0 | 7.00 | 72.00 | 79.00 | OK |
Version: 1.2.0
Check: re-building of vignette outputs
Result: WARN
Error(s) in re-building vignettes:
...
--- re-building ‘log_parsing.Rmd’ using rmarkdown
Error: processing vignette 'log_parsing.Rmd' failed with diagnostics:
there is no package called 'stringi'
--- failed re-building ‘log_parsing.Rmd’
--- re-building ‘url_parsing.Rmd’ using rmarkdown
Error: processing vignette 'url_parsing.Rmd' failed with diagnostics:
there is no package called 'stringi'
--- failed re-building ‘url_parsing.Rmd’
SUMMARY: processing the following files failed:
‘log_parsing.Rmd’ ‘url_parsing.Rmd’
Error: Vignette re-building failed.
Execution halted
Flavor: r-release-osx-x86_64