Last updated on 2020-07-02 02:09:59 CEST.
Flavor | Version | Tinstall | Tcheck | Ttotal | Status | Flags |
---|---|---|---|---|---|---|
r-devel-linux-x86_64-debian-clang | 0.1.4 | 3.37 | 48.89 | 52.26 | OK | |
r-devel-linux-x86_64-debian-gcc | 0.1.4 | 2.52 | 36.47 | 38.99 | OK | |
r-devel-linux-x86_64-fedora-clang | 0.1.4 | 68.19 | OK | |||
r-devel-linux-x86_64-fedora-gcc | 0.1.4 | 129.10 | OK | |||
r-devel-windows-ix86+x86_64 | 0.1.4 | 12.00 | 64.00 | 76.00 | OK | |
r-patched-linux-x86_64 | 0.1.4 | 3.58 | 46.94 | 50.52 | OK | |
r-patched-solaris-x86 | 0.1.4 | 96.50 | NOTE | |||
r-release-linux-x86_64 | 0.1.4 | 3.75 | 47.99 | 51.74 | OK | |
r-release-osx-x86_64 | 0.1.4 | OK | ||||
r-release-windows-ix86+x86_64 | 0.1.4 | 9.00 | 64.00 | 73.00 | OK | |
r-oldrel-osx-x86_64 | 0.1.4 | OK | ||||
r-oldrel-windows-ix86+x86_64 | 0.1.4 | 8.00 | 90.00 | 98.00 | OK |
Version: 0.1.4
Check: package dependencies
Result: NOTE
Package suggested but not available for checking: ‘XLConnect’
Flavor: r-patched-solaris-x86