Last updated on 2020-07-02 02:09:59 CEST.
Flavor | Version | Tinstall | Tcheck | Ttotal | Status | Flags |
---|---|---|---|---|---|---|
r-devel-linux-x86_64-debian-clang | 0.2.0 | 8.91 | 92.48 | 101.39 | OK | |
r-devel-linux-x86_64-debian-gcc | 0.2.0 | 8.24 | 71.86 | 80.10 | OK | |
r-devel-linux-x86_64-fedora-clang | 0.2.0 | 130.54 | NOTE | |||
r-devel-linux-x86_64-fedora-gcc | 0.2.0 | 121.71 | NOTE | |||
r-devel-windows-ix86+x86_64 | 0.2.0 | 38.00 | 103.00 | 141.00 | OK | |
r-patched-linux-x86_64 | 0.2.0 | 8.32 | 90.86 | 99.18 | OK | |
r-patched-solaris-x86 | 0.2.0 | 169.30 | WARN | |||
r-release-linux-x86_64 | 0.2.0 | 6.80 | 94.46 | 101.26 | OK | |
r-release-osx-x86_64 | 0.2.0 | NOTE | ||||
r-release-windows-ix86+x86_64 | 0.2.0 | 22.00 | 107.00 | 129.00 | OK | |
r-oldrel-osx-x86_64 | 0.2.0 | WARN | ||||
r-oldrel-windows-ix86+x86_64 | 0.2.0 | 30.00 | 146.00 | 176.00 | OK |
Version: 0.2.0
Check: dependencies in R code
Result: NOTE
Namespaces in Imports field not imported from:
‘leaflet’ ‘pals’ ‘raster’ ‘sp’
All declared Imports should be used.
Flavors: r-devel-linux-x86_64-fedora-clang, r-devel-linux-x86_64-fedora-gcc, r-patched-solaris-x86, r-release-osx-x86_64, r-oldrel-osx-x86_64
Version: 0.2.0
Check: re-building of vignette outputs
Result: WARN
Error(s) in re-building vignettes:
...
--- re-building ‘rgeoprofile.Rmd’ using rmarkdown
Warning in engine$weave(file, quiet = quiet, encoding = enc) :
Pandoc (>= 1.12.3) and/or pandoc-citeproc not available. Falling back to R Markdown v1.
Quitting from lines 141-142 (rgeoprofile.Rmd)
Error: processing vignette 'rgeoprofile.Rmd' failed with diagnostics:
there is no package called 'webshot'
--- failed re-building ‘rgeoprofile.Rmd’
SUMMARY: processing the following file failed:
‘rgeoprofile.Rmd’
Error: Vignette re-building failed.
Execution halted
Flavor: r-patched-solaris-x86
Version: 0.2.0
Check: re-building of vignette outputs
Result: WARN
Error(s) in re-building vignettes:
...
--- re-building ‘rgeoprofile.Rmd’ using rmarkdown
Warning in engine$weave(file, quiet = quiet, encoding = enc) :
Pandoc (>= 1.12.3) and/or pandoc-citeproc not available. Falling back to R Markdown v1.
Quitting from lines 141-142 (rgeoprofile.Rmd)
Error: processing vignette 'rgeoprofile.Rmd' failed with diagnostics:
cannot open the connection
--- failed re-building ‘rgeoprofile.Rmd’
SUMMARY: processing the following file failed:
‘rgeoprofile.Rmd’
Error: Vignette re-building failed.
Execution halted
Flavor: r-oldrel-osx-x86_64