CRAN Package Check Results for Package rhierbaps

Last updated on 2020-07-02 02:09:59 CEST.

Flavor Version Tinstall Tcheck Ttotal Status Flags
r-devel-linux-x86_64-debian-clang 1.1.3 5.65 326.88 332.53 OK
r-devel-linux-x86_64-debian-gcc 1.1.3 4.29 251.00 255.29 OK
r-devel-linux-x86_64-fedora-clang 1.1.3 412.49 OK
r-devel-linux-x86_64-fedora-gcc 1.1.3 408.93 OK
r-devel-windows-ix86+x86_64 1.1.3 22.00 413.00 435.00 OK
r-patched-linux-x86_64 1.1.3 5.61 326.55 332.16 OK
r-patched-solaris-x86 1.1.3 1073.30 OK
r-release-linux-x86_64 1.1.3 4.17 334.65 338.82 OK
r-release-osx-x86_64 1.1.3 WARN
r-release-windows-ix86+x86_64 1.1.3 15.00 432.00 447.00 OK
r-oldrel-osx-x86_64 1.1.3 OK
r-oldrel-windows-ix86+x86_64 1.1.3 19.00 545.00 564.00 OK

Check Details

Version: 1.1.3
Check: package dependencies
Result: NOTE
    Package suggested but not available for checking: ‘ggtree’
Flavor: r-release-osx-x86_64

Version: 1.1.3
Check: re-building of vignette outputs
Result: WARN
    Error(s) in re-building vignettes:
     ...
    --- re-building ‘introduction.Rmd’ using rmarkdown
    Quitting from lines 40-46 (introduction.Rmd)
    Error: processing vignette 'introduction.Rmd' failed with diagnostics:
    there is no package called 'ggtree'
    --- failed re-building ‘introduction.Rmd’
    
    SUMMARY: processing the following file failed:
     ‘introduction.Rmd’
    
    Error: Vignette re-building failed.
    Execution halted
Flavor: r-release-osx-x86_64