CRAN Package Check Results for Package riskyr

Last updated on 2020-07-02 02:09:59 CEST.

Flavor Version Tinstall Tcheck Ttotal Status Flags
r-devel-linux-x86_64-debian-clang 0.2.0 12.62 87.21 99.83 OK
r-devel-linux-x86_64-debian-gcc 0.2.0 10.40 65.03 75.43 OK
r-devel-linux-x86_64-fedora-clang 0.2.0 125.22 OK
r-devel-linux-x86_64-fedora-gcc 0.2.0 116.98 OK
r-devel-windows-ix86+x86_64 0.2.0 27.00 101.00 128.00 OK
r-patched-linux-x86_64 0.2.0 12.30 86.18 98.48 OK
r-patched-solaris-x86 0.2.0 144.50 NOTE
r-release-linux-x86_64 0.2.0 12.71 87.01 99.72 OK
r-release-osx-x86_64 0.2.0 OK
r-release-windows-ix86+x86_64 0.2.0 19.00 103.00 122.00 OK
r-oldrel-osx-x86_64 0.2.0 OK
r-oldrel-windows-ix86+x86_64 0.2.0 19.00 138.00 157.00 OK

Check Details

Version: 0.2.0
Check: installed package size
Result: NOTE
     installed size is 5.1Mb
     sub-directories of 1Mb or more:
     doc 3.3Mb
Flavor: r-patched-solaris-x86