CRAN Package Check Results for Package rmRNAseq

Last updated on 2020-07-02 02:09:59 CEST.

Flavor Version Tinstall Tcheck Ttotal Status Flags
r-devel-linux-x86_64-debian-clang 0.1.0 34.99 306.61 341.60 OK
r-devel-linux-x86_64-debian-gcc 0.1.0 30.19 231.83 262.02 OK
r-devel-linux-x86_64-fedora-clang 0.1.0 443.66 NOTE
r-devel-linux-x86_64-fedora-gcc 0.1.0 429.14 NOTE
r-devel-windows-ix86+x86_64 0.1.0 97.00 295.00 392.00 OK
r-patched-linux-x86_64 0.1.0 34.60 296.65 331.25 OK
r-patched-solaris-x86 0.1.0 560.20 NOTE
r-release-linux-x86_64 0.1.0 33.43 296.31 329.74 OK
r-release-osx-x86_64 0.1.0 ERROR
r-release-windows-ix86+x86_64 0.1.0 70.00 294.00 364.00 OK
r-oldrel-osx-x86_64 0.1.0 ERROR
r-oldrel-windows-ix86+x86_64 0.1.0 85.00 386.00 471.00 OK

Check Details

Version: 0.1.0
Check: dependencies in R code
Result: NOTE
    Namespace in Imports field not imported from: ‘statmod’
     All declared Imports should be used.
Flavors: r-devel-linux-x86_64-fedora-clang, r-devel-linux-x86_64-fedora-gcc, r-patched-solaris-x86

Version: 0.1.0
Check: package dependencies
Result: ERROR
    Package required but not available: ‘splineTimeR’
    
    See section ‘The DESCRIPTION file’ in the ‘Writing R Extensions’
    manual.
Flavors: r-release-osx-x86_64, r-oldrel-osx-x86_64