CRAN Package Check Results for Package robustHD

Last updated on 2020-07-02 02:09:59 CEST.

Flavor Version Tinstall Tcheck Ttotal Status Flags
r-devel-linux-x86_64-debian-clang 0.6.1 127.39 101.68 229.07 OK
r-devel-linux-x86_64-debian-gcc 0.6.1 97.71 74.64 172.35 OK
r-devel-linux-x86_64-fedora-clang 0.6.1 310.35 NOTE
r-devel-linux-x86_64-fedora-gcc 0.6.1 281.01 OK
r-devel-windows-ix86+x86_64 0.6.1 343.00 165.00 508.00 OK
r-patched-linux-x86_64 0.6.1 98.77 98.74 197.51 OK
r-patched-solaris-x86 0.6.1 285.20 OK
r-release-linux-x86_64 0.6.1 99.21 99.19 198.40 OK
r-release-osx-x86_64 0.6.1 NOTE
r-release-windows-ix86+x86_64 0.6.1 219.00 173.00 392.00 OK
r-oldrel-osx-x86_64 0.6.1 NOTE
r-oldrel-windows-ix86+x86_64 0.6.1 331.00 226.00 557.00 OK

Check Details

Version: 0.6.1
Check: installed package size
Result: NOTE
     installed size is 7.3Mb
     sub-directories of 1Mb or more:
     libs 6.7Mb
Flavors: r-devel-linux-x86_64-fedora-clang, r-release-osx-x86_64, r-oldrel-osx-x86_64