Last updated on 2020-07-02 02:10:00 CEST.
Flavor | Version | Tinstall | Tcheck | Ttotal | Status | Flags |
---|---|---|---|---|---|---|
r-devel-linux-x86_64-debian-clang | 0.0.10 | 3.77 | 34.89 | 38.66 | OK | |
r-devel-linux-x86_64-debian-gcc | 0.0.10 | 3.50 | 28.06 | 31.56 | OK | |
r-devel-linux-x86_64-fedora-clang | 0.0.10 | 55.20 | NOTE | |||
r-devel-linux-x86_64-fedora-gcc | 0.0.10 | 45.50 | NOTE | |||
r-devel-windows-ix86+x86_64 | 0.0.10 | 27.00 | 51.00 | 78.00 | OK | |
r-patched-linux-x86_64 | 0.0.10 | 4.35 | 35.02 | 39.37 | OK | |
r-patched-solaris-x86 | 0.0.10 | 70.50 | NOTE | |||
r-release-linux-x86_64 | 0.0.10 | 4.68 | 35.01 | 39.69 | OK | |
r-release-osx-x86_64 | 0.0.10 | NOTE | ||||
r-release-windows-ix86+x86_64 | 0.0.10 | 15.00 | 55.00 | 70.00 | OK | |
r-oldrel-osx-x86_64 | 0.0.10 | NOTE | ||||
r-oldrel-windows-ix86+x86_64 | 0.0.10 | 20.00 | 70.00 | 90.00 | OK |
Version: 0.0.10
Check: dependencies in R code
Result: NOTE
Namespaces in Imports field not imported from:
‘bookdown’ ‘rstudioapi’ ‘tinytex’
All declared Imports should be used.
Flavors: r-devel-linux-x86_64-fedora-clang, r-devel-linux-x86_64-fedora-gcc, r-patched-solaris-x86, r-release-osx-x86_64, r-oldrel-osx-x86_64