Last updated on 2020-07-02 02:10:00 CEST.
Flavor | Version | Tinstall | Tcheck | Ttotal | Status | Flags |
---|---|---|---|---|---|---|
r-devel-linux-x86_64-debian-clang | 0.4.0 | 5.25 | 33.95 | 39.20 | OK | |
r-devel-linux-x86_64-debian-gcc | 0.4.0 | 3.91 | 26.79 | 30.70 | OK | |
r-devel-linux-x86_64-fedora-clang | 0.4.0 | 55.43 | NOTE | |||
r-devel-linux-x86_64-fedora-gcc | 0.4.0 | 46.04 | NOTE | |||
r-devel-windows-ix86+x86_64 | 0.4.0 | 18.00 | 48.00 | 66.00 | OK | |
r-patched-linux-x86_64 | 0.4.0 | 5.04 | 33.38 | 38.42 | OK | |
r-patched-solaris-x86 | 0.4.0 | 74.60 | NOTE | |||
r-release-linux-x86_64 | 0.4.0 | 4.71 | 33.77 | 38.48 | OK | |
r-release-osx-x86_64 | 0.4.0 | NOTE | ||||
r-release-windows-ix86+x86_64 | 0.4.0 | 10.00 | 48.00 | 58.00 | OK | |
r-oldrel-osx-x86_64 | 0.4.0 | NOTE | ||||
r-oldrel-windows-ix86+x86_64 | 0.4.0 | 20.00 | 65.00 | 85.00 | OK |
Version: 0.4.0
Check: dependencies in R code
Result: NOTE
Namespaces in Imports field not imported from:
‘httpuv’ ‘utils’
All declared Imports should be used.
Flavors: r-devel-linux-x86_64-fedora-clang, r-devel-linux-x86_64-fedora-gcc, r-patched-solaris-x86, r-release-osx-x86_64, r-oldrel-osx-x86_64