Last updated on 2020-07-02 02:10:00 CEST.
Flavor | Version | Tinstall | Tcheck | Ttotal | Status | Flags |
---|---|---|---|---|---|---|
r-devel-linux-x86_64-debian-clang | 1.1-4 | 17.20 | 67.71 | 84.91 | OK | |
r-devel-linux-x86_64-debian-gcc | 1.1-4 | 12.79 | 51.61 | 64.40 | OK | |
r-devel-linux-x86_64-fedora-clang | 1.1-4 | 111.76 | OK | |||
r-devel-linux-x86_64-fedora-gcc | 1.1-4 | 100.89 | OK | |||
r-devel-windows-ix86+x86_64 | 1.1-4 | 24.00 | 72.00 | 96.00 | OK | |
r-patched-linux-x86_64 | 1.1-4 | 17.07 | 67.90 | 84.97 | OK | |
r-patched-solaris-x86 | 1.1-4 | 137.20 | OK | |||
r-release-linux-x86_64 | 1.1-4 | 17.41 | 67.34 | 84.75 | OK | |
r-release-osx-x86_64 | 1.1-4 | ERROR | ||||
r-release-windows-ix86+x86_64 | 1.1-4 | 16.00 | 68.00 | 84.00 | OK | |
r-oldrel-osx-x86_64 | 1.1-4 | ERROR | ||||
r-oldrel-windows-ix86+x86_64 | 1.1-4 | 18.00 | 86.00 | 104.00 | OK |
Version: 1.1-4
Check: whether package can be installed
Result: ERROR
Installation failed.
Flavors: r-release-osx-x86_64, r-oldrel-osx-x86_64