CRAN Package Check Results for Package rpivotTable

Last updated on 2020-07-02 02:10:00 CEST.

Flavor Version Tinstall Tcheck Ttotal Status Flags
r-devel-linux-x86_64-debian-clang 0.3.0 2.45 30.04 32.49 OK
r-devel-linux-x86_64-debian-gcc 0.3.0 1.91 23.54 25.45 OK
r-devel-linux-x86_64-fedora-clang 0.3.0 47.30 OK
r-devel-linux-x86_64-fedora-gcc 0.3.0 38.42 OK
r-devel-windows-ix86+x86_64 0.3.0 11.00 50.00 61.00 OK
r-patched-linux-x86_64 0.3.0 2.54 29.91 32.45 OK
r-patched-solaris-x86 0.3.0 58.30 WARN
r-release-linux-x86_64 0.3.0 2.65 29.84 32.49 OK
r-release-osx-x86_64 0.3.0 OK
r-release-windows-ix86+x86_64 0.3.0 10.00 51.00 61.00 OK
r-oldrel-osx-x86_64 0.3.0 WARN
r-oldrel-windows-ix86+x86_64 0.3.0 8.00 64.00 72.00 OK

Check Details

Version: 0.3.0
Check: re-building of vignette outputs
Result: WARN
    Error(s) in re-building vignettes:
     ...
    --- re-building ‘NEWS.Rmd’ using rmarkdown
    Warning in engine$weave(file, quiet = quiet, encoding = enc) :
     Pandoc (>= 1.12.3) and/or pandoc-citeproc not available. Falling back to R Markdown v1.
    --- finished re-building ‘NEWS.Rmd’
    
    --- re-building ‘rpivotTableIntroduction.Rmd’ using rmarkdown
    Warning in engine$weave(file, quiet = quiet, encoding = enc) :
     Pandoc (>= 1.12.3) and/or pandoc-citeproc not available. Falling back to R Markdown v1.
    Quitting from lines 51-53 (rpivotTableIntroduction.Rmd)
    Error: processing vignette 'rpivotTableIntroduction.Rmd' failed with diagnostics:
    there is no package called 'webshot'
    --- failed re-building ‘rpivotTableIntroduction.Rmd’
    
    SUMMARY: processing the following file failed:
     ‘rpivotTableIntroduction.Rmd’
    
    Error: Vignette re-building failed.
    Execution halted
Flavor: r-patched-solaris-x86

Version: 0.3.0
Check: re-building of vignette outputs
Result: WARN
    Error(s) in re-building vignettes:
     ...
    --- re-building ‘NEWS.Rmd’ using rmarkdown
    Warning in engine$weave(file, quiet = quiet, encoding = enc) :
     Pandoc (>= 1.12.3) and/or pandoc-citeproc not available. Falling back to R Markdown v1.
    --- finished re-building ‘NEWS.Rmd’
    
    --- re-building ‘rpivotTableIntroduction.Rmd’ using rmarkdown
    Warning in engine$weave(file, quiet = quiet, encoding = enc) :
     Pandoc (>= 1.12.3) and/or pandoc-citeproc not available. Falling back to R Markdown v1.
    Quitting from lines 51-53 (rpivotTableIntroduction.Rmd)
    Error: processing vignette 'rpivotTableIntroduction.Rmd' failed with diagnostics:
    cannot open the connection
    --- failed re-building ‘rpivotTableIntroduction.Rmd’
    
    SUMMARY: processing the following file failed:
     ‘rpivotTableIntroduction.Rmd’
    
    Error: Vignette re-building failed.
    Execution halted
Flavor: r-oldrel-osx-x86_64