CRAN Package Check Results for Package safetyGraphics

Last updated on 2020-07-02 02:10:00 CEST.

Flavor Version Tinstall Tcheck Ttotal Status Flags
r-devel-linux-x86_64-debian-clang 1.1.0 7.49 123.97 131.46 OK
r-devel-linux-x86_64-debian-gcc 1.1.0 6.01 93.68 99.69 OK
r-devel-linux-x86_64-fedora-clang 1.1.0 159.70 NOTE
r-devel-linux-x86_64-fedora-gcc 1.1.0 153.17 NOTE
r-devel-windows-ix86+x86_64 1.1.0 37.00 206.00 243.00 OK
r-patched-linux-x86_64 1.1.0 9.08 120.64 129.72 OK
r-patched-solaris-x86 1.1.0 209.00 NOTE
r-release-linux-x86_64 1.1.0 7.45 122.48 129.93 OK
r-release-osx-x86_64 1.1.0 NOTE
r-release-windows-ix86+x86_64 1.1.0 21.00 132.00 153.00 OK
r-oldrel-osx-x86_64 1.1.0 NOTE
r-oldrel-windows-ix86+x86_64 1.1.0 48.00 190.00 238.00 OK

Check Details

Version: 1.1.0
Check: dependencies in R code
Result: NOTE
    Namespace in Imports field not imported from: ‘shinybusy’
     All declared Imports should be used.
Flavors: r-devel-linux-x86_64-fedora-clang, r-devel-linux-x86_64-fedora-gcc, r-patched-solaris-x86, r-release-osx-x86_64, r-oldrel-osx-x86_64

Version: 1.1.0
Check: installed package size
Result: NOTE
     installed size is 5.2Mb
     sub-directories of 1Mb or more:
     doc 3.3Mb
     htmlwidgets 1.2Mb
Flavor: r-patched-solaris-x86