Last updated on 2020-07-02 02:10:00 CEST.
Flavor | Version | Tinstall | Tcheck | Ttotal | Status | Flags |
---|---|---|---|---|---|---|
r-devel-linux-x86_64-debian-clang | 0.2-4.1 | 3.37 | 32.86 | 36.23 | NOTE | |
r-devel-linux-x86_64-debian-gcc | 0.2-4.1 | 2.67 | 25.73 | 28.40 | NOTE | |
r-devel-linux-x86_64-fedora-clang | 0.2-4.1 | 54.81 | NOTE | |||
r-devel-linux-x86_64-fedora-gcc | 0.2-4.1 | 45.12 | NOTE | |||
r-devel-windows-ix86+x86_64 | 0.2-4.1 | 8.00 | 40.00 | 48.00 | OK | |
r-patched-linux-x86_64 | 0.2-4.1 | 3.24 | 32.62 | 35.86 | NOTE | |
r-patched-solaris-x86 | 0.2-4.1 | 67.30 | OK | |||
r-release-linux-x86_64 | 0.2-4.1 | 3.09 | 32.27 | 35.36 | NOTE | |
r-release-osx-x86_64 | 0.2-4.1 | OK | ||||
r-release-windows-ix86+x86_64 | 0.2-4.1 | 7.00 | 62.00 | 69.00 | OK | |
r-oldrel-osx-x86_64 | 0.2-4.1 | OK | ||||
r-oldrel-windows-ix86+x86_64 | 0.2-4.1 | 7.00 | 41.00 | 48.00 | OK |
Version: 0.2-4.1
Check: top-level files
Result: NOTE
Non-standard file/directory found at top level:
'src-java'
Flavors: r-devel-linux-x86_64-debian-clang, r-devel-linux-x86_64-debian-gcc, r-devel-linux-x86_64-fedora-clang, r-devel-linux-x86_64-fedora-gcc, r-patched-linux-x86_64, r-release-linux-x86_64