CRAN Package Check Results for Package scrime

Last updated on 2020-07-02 02:10:00 CEST.

Flavor Version Tinstall Tcheck Ttotal Status Flags
r-devel-linux-x86_64-debian-clang 1.3.5 6.37 52.97 59.34 OK
r-devel-linux-x86_64-debian-gcc 1.3.5 5.71 40.17 45.88 OK
r-devel-linux-x86_64-fedora-clang 1.3.5 78.17 OK
r-devel-linux-x86_64-fedora-gcc 1.3.5 69.61 OK
r-devel-windows-ix86+x86_64 1.3.5 15.00 57.00 72.00 OK
r-patched-linux-x86_64 1.3.5 5.98 52.24 58.22 OK
r-patched-solaris-x86 1.3.5 93.50 OK
r-release-linux-x86_64 1.3.5 6.61 52.84 59.45 OK
r-release-osx-x86_64 1.3.5 OK
r-release-windows-ix86+x86_64 1.3.5 11.00 62.00 73.00 OK
r-oldrel-osx-x86_64 1.3.5 NOTE
r-oldrel-windows-ix86+x86_64 1.3.5 9.00 81.00 90.00 OK

Check Details

Version: 1.3.5
Check: package dependencies
Result: NOTE
    Package suggested but not available for checking: ‘oligoClasses’
Flavor: r-oldrel-osx-x86_64