Last updated on 2020-07-02 02:10:00 CEST.
Flavor | Version | Tinstall | Tcheck | Ttotal | Status | Flags |
---|---|---|---|---|---|---|
r-devel-linux-x86_64-debian-clang | 5.5.1 | 74.35 | 233.07 | 307.42 | OK | |
r-devel-linux-x86_64-debian-gcc | 5.5.1 | 57.62 | 289.89 | 347.51 | OK | |
r-devel-linux-x86_64-fedora-clang | 5.5.1 | 344.55 | NOTE | |||
r-devel-linux-x86_64-fedora-gcc | 5.5.1 | 329.41 | OK | |||
r-devel-windows-ix86+x86_64 | 5.5.1 | 189.00 | 387.00 | 576.00 | NOTE | |
r-patched-linux-x86_64 | 5.5.1 | 57.09 | 242.27 | 299.36 | OK | |
r-patched-solaris-x86 | 5.5.1 | 342.80 | OK | |||
r-release-linux-x86_64 | 5.5.1 | 58.46 | 247.71 | 306.17 | OK | |
r-release-osx-x86_64 | 5.5.1 | OK | ||||
r-release-windows-ix86+x86_64 | 5.5.1 | 124.00 | 261.00 | 385.00 | NOTE | |
r-oldrel-osx-x86_64 | 5.5.1 | OK | ||||
r-oldrel-windows-ix86+x86_64 | 5.5.1 | 191.00 | 347.00 | 538.00 | OK |
Version: 5.5.1
Check: installed package size
Result: NOTE
installed size is 5.2Mb
sub-directories of 1Mb or more:
libs 2.2Mb
Flavors: r-devel-linux-x86_64-fedora-clang, r-devel-windows-ix86+x86_64, r-release-windows-ix86+x86_64