CRAN Package Check Results for Package secsse

Last updated on 2020-07-02 02:10:01 CEST.

Flavor Version Tinstall Tcheck Ttotal Status Flags
r-devel-linux-x86_64-debian-clang 2.0.0 6.12 44.71 50.83 OK
r-devel-linux-x86_64-debian-gcc 2.0.0 3.76 33.89 37.65 OK
r-devel-linux-x86_64-fedora-clang 2.0.0 68.55 OK
r-devel-linux-x86_64-fedora-gcc 2.0.0 59.64 OK
r-devel-windows-ix86+x86_64 2.0.0 29.00 67.00 96.00 NOTE
r-patched-linux-x86_64 2.0.0 5.27 44.65 49.92 OK
r-patched-solaris-x86 2.0.0 84.90 OK
r-release-linux-x86_64 2.0.0 5.85 44.66 50.51 OK
r-release-osx-x86_64 2.0.0 OK
r-release-windows-ix86+x86_64 2.0.0 17.00 66.00 83.00 NOTE
r-oldrel-osx-x86_64 2.0.0 OK
r-oldrel-windows-ix86+x86_64 2.0.0 27.00 84.00 111.00 NOTE

Check Details

Version: 2.0.0
Check: package dependencies
Result: NOTE
    Package which this enhances but not available for checking: 'doMC'
Flavors: r-devel-windows-ix86+x86_64, r-release-windows-ix86+x86_64, r-oldrel-windows-ix86+x86_64