CRAN Package Check Results for Package seedwater

Last updated on 2020-07-02 02:10:01 CEST.

Flavor Version Tinstall Tcheck Ttotal Status Flags
r-devel-linux-x86_64-debian-clang 1.0 3.87 26.66 30.53 OK
r-devel-linux-x86_64-debian-gcc 1.0 2.65 21.44 24.09 OK
r-devel-linux-x86_64-fedora-clang 1.0 46.78 OK
r-devel-linux-x86_64-fedora-gcc 1.0 37.50 OK
r-devel-windows-ix86+x86_64 1.0 17.00 57.00 74.00 OK
r-patched-linux-x86_64 1.0 3.74 27.41 31.15 OK
r-patched-solaris-x86 1.0 57.90 OK
r-release-linux-x86_64 1.0 3.66 27.63 31.29 OK
r-release-osx-x86_64 1.0 ERROR
r-release-windows-ix86+x86_64 1.0 14.00 60.00 74.00 OK
r-oldrel-osx-x86_64 1.0 ERROR
r-oldrel-windows-ix86+x86_64 1.0 12.00 80.00 92.00 OK

Check Details

Version: 1.0
Check: package dependencies
Result: ERROR
    Package required but not available: ‘rpanel’
    
    See section ‘The DESCRIPTION file’ in the ‘Writing R Extensions’
    manual.
Flavors: r-release-osx-x86_64, r-oldrel-osx-x86_64