Last updated on 2020-07-02 02:10:01 CEST.
Flavor | Version | Tinstall | Tcheck | Ttotal | Status | Flags |
---|---|---|---|---|---|---|
r-devel-linux-x86_64-debian-clang | 1.2.2 | 3.42 | 171.94 | 175.36 | OK | |
r-devel-linux-x86_64-debian-gcc | 1.2.2 | 2.87 | 128.87 | 131.74 | OK | |
r-devel-linux-x86_64-fedora-clang | 1.2.2 | 216.43 | OK | |||
r-devel-linux-x86_64-fedora-gcc | 1.2.2 | 217.93 | OK | |||
r-devel-windows-ix86+x86_64 | 1.2.2 | 23.00 | 170.00 | 193.00 | OK | |
r-patched-linux-x86_64 | 1.2.2 | 3.75 | 168.84 | 172.59 | OK | |
r-patched-solaris-x86 | 1.2.2 | 197.30 | NOTE | |||
r-release-linux-x86_64 | 1.2.2 | 3.61 | 171.69 | 175.30 | OK | |
r-release-osx-x86_64 | 1.2.2 | NOTE | ||||
r-release-windows-ix86+x86_64 | 1.2.2 | 11.00 | 172.00 | 183.00 | OK | |
r-oldrel-osx-x86_64 | 1.2.2 | NOTE | ||||
r-oldrel-windows-ix86+x86_64 | 1.2.2 | 11.00 | 228.00 | 239.00 | OK |
Version: 1.2.2
Check: package dependencies
Result: NOTE
Package suggested but not available for checking: ‘airway’
Flavors: r-patched-solaris-x86, r-release-osx-x86_64, r-oldrel-osx-x86_64