Last updated on 2020-07-02 02:10:01 CEST.
Flavor | Version | Tinstall | Tcheck | Ttotal | Status | Flags |
---|---|---|---|---|---|---|
r-devel-linux-x86_64-debian-clang | 0.1.0 | 6.48 | 70.12 | 76.60 | OK | |
r-devel-linux-x86_64-debian-gcc | 0.1.0 | 5.82 | 50.02 | 55.84 | OK | |
r-devel-linux-x86_64-fedora-clang | 0.1.0 | 95.65 | NOTE | |||
r-devel-linux-x86_64-fedora-gcc | 0.1.0 | 88.65 | NOTE | |||
r-devel-windows-ix86+x86_64 | 0.1.0 | 31.00 | 119.00 | 150.00 | OK | |
r-patched-linux-x86_64 | 0.1.0 | 6.79 | 64.70 | 71.49 | OK | |
r-patched-solaris-x86 | 0.1.0 | 125.50 | NOTE | |||
r-release-linux-x86_64 | 0.1.0 | 5.43 | 65.93 | 71.36 | OK | |
r-release-osx-x86_64 | 0.1.0 | NOTE | ||||
r-release-windows-ix86+x86_64 | 0.1.0 | 17.00 | 82.00 | 99.00 | OK | |
r-oldrel-osx-x86_64 | 0.1.0 | NOTE | ||||
r-oldrel-windows-ix86+x86_64 | 0.1.0 | 26.00 | 120.00 | 146.00 | OK |
Version: 0.1.0
Check: dependencies in R code
Result: NOTE
Namespace in Imports field not imported from: ‘utils’
All declared Imports should be used.
Flavors: r-devel-linux-x86_64-fedora-clang, r-devel-linux-x86_64-fedora-gcc, r-patched-solaris-x86, r-release-osx-x86_64, r-oldrel-osx-x86_64