Last updated on 2020-07-02 02:10:01 CEST.
Flavor | Version | Tinstall | Tcheck | Ttotal | Status | Flags |
---|---|---|---|---|---|---|
r-devel-linux-x86_64-debian-clang | 0.4.1 | 4.96 | 39.80 | 44.76 | OK | |
r-devel-linux-x86_64-debian-gcc | 0.4.1 | 4.23 | 31.80 | 36.03 | OK | |
r-devel-linux-x86_64-fedora-clang | 0.4.1 | 60.77 | NOTE | |||
r-devel-linux-x86_64-fedora-gcc | 0.4.1 | 59.63 | OK | |||
r-devel-windows-ix86+x86_64 | 0.4.1 | 34.00 | 80.00 | 114.00 | NOTE | |
r-patched-linux-x86_64 | 0.4.1 | 5.31 | 39.79 | 45.10 | OK | |
r-patched-solaris-x86 | 0.4.1 | 80.20 | NOTE | |||
r-release-linux-x86_64 | 0.4.1 | 5.02 | 39.79 | 44.81 | OK | |
r-release-osx-x86_64 | 0.4.1 | NOTE | ||||
r-release-windows-ix86+x86_64 | 0.4.1 | 24.00 | 55.00 | 79.00 | NOTE | |
r-oldrel-osx-x86_64 | 0.4.1 | NOTE | ||||
r-oldrel-windows-ix86+x86_64 | 0.4.1 | 38.00 | 88.00 | 126.00 | NOTE |
Version: 0.4.1
Check: installed package size
Result: NOTE
installed size is 8.2Mb
sub-directories of 1Mb or more:
www 7.7Mb
Flavors: r-devel-linux-x86_64-fedora-clang, r-devel-windows-ix86+x86_64, r-patched-solaris-x86, r-release-osx-x86_64, r-release-windows-ix86+x86_64, r-oldrel-osx-x86_64, r-oldrel-windows-ix86+x86_64