Last updated on 2020-07-02 02:10:01 CEST.
Flavor | Version | Tinstall | Tcheck | Ttotal | Status | Flags |
---|---|---|---|---|---|---|
r-devel-linux-x86_64-debian-clang | 0.1.0 | 2.21 | 30.19 | 32.40 | OK | |
r-devel-linux-x86_64-debian-gcc | 0.1.0 | 1.91 | 22.17 | 24.08 | OK | |
r-devel-linux-x86_64-fedora-clang | 0.1.0 | 46.69 | NOTE | |||
r-devel-linux-x86_64-fedora-gcc | 0.1.0 | 37.23 | NOTE | |||
r-devel-windows-ix86+x86_64 | 0.1.0 | 19.00 | 42.00 | 61.00 | OK | |
r-patched-linux-x86_64 | 0.1.0 | 2.41 | 29.17 | 31.58 | OK | |
r-patched-solaris-x86 | 0.1.0 | 55.00 | NOTE | |||
r-release-linux-x86_64 | 0.1.0 | 2.32 | 29.42 | 31.74 | OK | |
r-release-osx-x86_64 | 0.1.0 | NOTE | ||||
r-release-windows-ix86+x86_64 | 0.1.0 | 8.00 | 42.00 | 50.00 | OK | |
r-oldrel-osx-x86_64 | 0.1.0 | NOTE | ||||
r-oldrel-windows-ix86+x86_64 | 0.1.0 | 13.00 | 62.00 | 75.00 | OK |
Version: 0.1.0
Check: dependencies in R code
Result: NOTE
Namespaces in Imports field not imported from:
‘CARE1’ ‘LCMCR’ ‘coda’ ‘conting’ ‘dga’ ‘future’ ‘ggplot2’ ‘ipc’
‘promises’ ‘reshape’ ‘shinycssloaders’ ‘testthat’
All declared Imports should be used.
Flavors: r-devel-linux-x86_64-fedora-clang, r-devel-linux-x86_64-fedora-gcc, r-patched-solaris-x86, r-release-osx-x86_64, r-oldrel-osx-x86_64