Last updated on 2020-07-02 02:10:01 CEST.
Flavor | Version | Tinstall | Tcheck | Ttotal | Status | Flags |
---|---|---|---|---|---|---|
r-devel-linux-x86_64-debian-clang | 1.0-10 | 6.40 | 38.12 | 44.52 | NOTE | --no-tests |
r-devel-linux-x86_64-debian-gcc | 1.0-10 | 4.95 | 30.41 | 35.36 | NOTE | --no-tests |
r-devel-linux-x86_64-fedora-clang | 1.0-10 | 110.62 | NOTE | |||
r-devel-linux-x86_64-fedora-gcc | 1.0-10 | 102.65 | NOTE | |||
r-devel-windows-ix86+x86_64 | 1.0-10 | 17.00 | 108.00 | 125.00 | OK | |
r-patched-linux-x86_64 | 1.0-10 | 5.95 | 38.55 | 44.50 | NOTE | --no-tests |
r-patched-solaris-x86 | 1.0-10 | 295.80 | NOTE | |||
r-release-linux-x86_64 | 1.0-10 | 5.92 | 38.52 | 44.44 | NOTE | --no-tests |
r-release-osx-x86_64 | 1.0-10 | NOTE | ||||
r-release-windows-ix86+x86_64 | 1.0-10 | 12.00 | 108.00 | 120.00 | OK | |
r-oldrel-osx-x86_64 | 1.0-10 | NOTE | ||||
r-oldrel-windows-ix86+x86_64 | 1.0-10 | 11.00 | 135.00 | 146.00 | OK |
Version: 1.0-10
Flags: --no-tests
Check: for non-standard things in the check directory
Result: NOTE
Found the following files/directories:
'crop_device.pdf'
Flavors: r-devel-linux-x86_64-debian-clang, r-devel-linux-x86_64-debian-gcc, r-patched-linux-x86_64, r-release-linux-x86_64
Version: 1.0-10
Check: for non-standard things in the check directory
Result: NOTE
Found the following files/directories:
‘crop_device.pdf’
Flavors: r-devel-linux-x86_64-fedora-clang, r-devel-linux-x86_64-fedora-gcc, r-patched-solaris-x86
Version: 1.0-10
Check: package dependencies
Result: NOTE
Package suggested but not available for checking: ‘Rmpi’
Flavors: r-release-osx-x86_64, r-oldrel-osx-x86_64
Version: 1.0-10
Check: Rd cross-references
Result: NOTE
Package unavailable to check Rd xrefs: ‘Rmpi’
Flavors: r-release-osx-x86_64, r-oldrel-osx-x86_64