CRAN Package Check Results for Package simts

Last updated on 2020-07-02 02:10:01 CEST.

Flavor Version Tinstall Tcheck Ttotal Status Flags
r-devel-linux-x86_64-debian-clang 0.1.1 499.47 118.26 617.73 OK
r-devel-linux-x86_64-debian-gcc 0.1.1 376.37 87.89 464.26 OK
r-devel-linux-x86_64-fedora-clang 0.1.1 872.13 NOTE
r-devel-linux-x86_64-fedora-gcc 0.1.1 795.00 OK
r-devel-windows-ix86+x86_64 0.1.1 1295.00 183.00 1478.00 NOTE
r-patched-linux-x86_64 0.1.1 400.88 115.64 516.52 OK
r-patched-solaris-x86 0.1.1 638.80 OK
r-release-linux-x86_64 0.1.1 378.72 115.34 494.06 OK
r-release-osx-x86_64 0.1.1 NOTE
r-release-windows-ix86+x86_64 0.1.1 970.00 184.00 1154.00 NOTE
r-oldrel-osx-x86_64 0.1.1 NOTE
r-oldrel-windows-ix86+x86_64 0.1.1 916.00 234.00 1150.00 NOTE

Check Details

Version: 0.1.1
Check: installed package size
Result: NOTE
     installed size is 26.7Mb
     sub-directories of 1Mb or more:
     doc 2.1Mb
     libs 23.6Mb
Flavors: r-devel-linux-x86_64-fedora-clang, r-devel-windows-ix86+x86_64, r-release-osx-x86_64, r-release-windows-ix86+x86_64, r-oldrel-osx-x86_64, r-oldrel-windows-ix86+x86_64