Last updated on 2020-07-02 02:10:01 CEST.
Flavor | Version | Tinstall | Tcheck | Ttotal | Status | Flags |
---|---|---|---|---|---|---|
r-devel-linux-x86_64-debian-clang | 2.8.4 | 25.43 | 467.32 | 492.75 | OK | |
r-devel-linux-x86_64-debian-gcc | 2.8.4 | 21.72 | 344.16 | 365.88 | OK | |
r-devel-linux-x86_64-fedora-clang | 2.8.4 | 591.32 | NOTE | |||
r-devel-linux-x86_64-fedora-gcc | 2.8.4 | 589.52 | OK | |||
r-devel-windows-ix86+x86_64 | 2.8.4 | 66.00 | 611.00 | 677.00 | OK | |
r-patched-linux-x86_64 | 2.8.4 | 26.50 | 449.23 | 475.73 | OK | |
r-patched-solaris-x86 | 2.8.4 | 768.50 | OK | |||
r-release-linux-x86_64 | 2.8.4 | 23.82 | 454.99 | 478.81 | OK | |
r-release-osx-x86_64 | 2.8.4 | OK | ||||
r-release-windows-ix86+x86_64 | 2.8.4 | 50.00 | 432.00 | 482.00 | OK | |
r-oldrel-osx-x86_64 | 2.8.4 | OK | ||||
r-oldrel-windows-ix86+x86_64 | 2.8.4 | 67.00 | 608.00 | 675.00 | OK |
Version: 2.8.4
Check: Rd cross-references
Result: NOTE
Undeclared packages ‘tidyselect’, ‘RColorBrewer’, ‘modelr’, ‘snakecase’ in Rd xrefs
Flavor: r-devel-linux-x86_64-fedora-clang