Last updated on 2020-07-02 02:10:01 CEST.
Flavor | Version | Tinstall | Tcheck | Ttotal | Status | Flags |
---|---|---|---|---|---|---|
r-devel-linux-x86_64-debian-clang | 0.1.3 | 3.78 | 27.74 | 31.52 | OK | |
r-devel-linux-x86_64-debian-gcc | 0.1.3 | 3.31 | 22.37 | 25.68 | OK | |
r-devel-linux-x86_64-fedora-clang | 0.1.3 | 48.75 | NOTE | |||
r-devel-linux-x86_64-fedora-gcc | 0.1.3 | 39.27 | NOTE | |||
r-devel-windows-ix86+x86_64 | 0.1.3 | 17.00 | 35.00 | 52.00 | OK | |
r-patched-linux-x86_64 | 0.1.3 | 4.04 | 28.28 | 32.32 | OK | |
r-patched-solaris-x86 | 0.1.3 | 60.60 | NOTE | |||
r-release-linux-x86_64 | 0.1.3 | 4.26 | 28.31 | 32.57 | OK | |
r-release-osx-x86_64 | 0.1.3 | NOTE | ||||
r-release-windows-ix86+x86_64 | 0.1.3 | 9.00 | 38.00 | 47.00 | OK | |
r-oldrel-osx-x86_64 | 0.1.3 | NOTE | ||||
r-oldrel-windows-ix86+x86_64 | 0.1.3 | 17.00 | 54.00 | 71.00 | OK |
Version: 0.1.3
Check: dependencies in R code
Result: NOTE
Namespaces in Imports field not imported from:
‘dplyr’ ‘methods’
All declared Imports should be used.
Flavors: r-devel-linux-x86_64-fedora-clang, r-devel-linux-x86_64-fedora-gcc, r-patched-solaris-x86, r-release-osx-x86_64, r-oldrel-osx-x86_64