Last updated on 2020-07-02 02:10:01 CEST.
Flavor | Version | Tinstall | Tcheck | Ttotal | Status | Flags |
---|---|---|---|---|---|---|
r-devel-linux-x86_64-debian-clang | 0.9 | 15.34 | 129.80 | 145.14 | OK | |
r-devel-linux-x86_64-debian-gcc | 0.9 | 11.67 | 97.46 | 109.13 | OK | |
r-devel-linux-x86_64-fedora-clang | 0.9 | 186.56 | OK | |||
r-devel-linux-x86_64-fedora-gcc | 0.9 | 182.36 | OK | |||
r-devel-windows-ix86+x86_64 | 0.9 | 36.00 | 159.00 | 195.00 | OK | |
r-patched-linux-x86_64 | 0.9 | 14.45 | 126.56 | 141.01 | OK | |
r-patched-solaris-x86 | 0.9 | 249.00 | OK | |||
r-release-linux-x86_64 | 0.9 | 15.04 | 128.95 | 143.99 | OK | |
r-release-osx-x86_64 | 0.9 | OK | ||||
r-release-windows-ix86+x86_64 | 0.9 | 23.00 | 115.00 | 138.00 | OK | |
r-oldrel-osx-x86_64 | 0.9 | FAIL | ||||
r-oldrel-windows-ix86+x86_64 | 0.9 | 47.00 | 163.00 | 210.00 | OK |
Version: 0.9
Check: R code for possible problems
Result: FAIL
Flavor: r-oldrel-osx-x86_64