Last updated on 2020-07-02 02:10:02 CEST.
Flavor | Version | Tinstall | Tcheck | Ttotal | Status | Flags |
---|---|---|---|---|---|---|
r-devel-linux-x86_64-debian-clang | 0.0.1 | 6.32 | 59.48 | 65.80 | OK | |
r-devel-linux-x86_64-debian-gcc | 0.0.1 | 5.63 | 44.34 | 49.97 | OK | |
r-devel-linux-x86_64-fedora-clang | 0.0.1 | 89.18 | NOTE | |||
r-devel-linux-x86_64-fedora-gcc | 0.0.1 | 77.64 | NOTE | |||
r-devel-windows-ix86+x86_64 | 0.0.1 | 29.00 | 9.00 | 38.00 | ERROR | |
r-patched-linux-x86_64 | 0.0.1 | 5.87 | 56.80 | 62.67 | OK | |
r-patched-solaris-x86 | 0.0.1 | 107.10 | NOTE | |||
r-release-linux-x86_64 | 0.0.1 | 6.98 | 56.85 | 63.83 | OK | |
r-release-osx-x86_64 | 0.0.1 | NOTE | ||||
r-release-windows-ix86+x86_64 | 0.0.1 | 14.00 | 75.00 | 89.00 | OK | |
r-oldrel-osx-x86_64 | 0.0.1 | NOTE | ||||
r-oldrel-windows-ix86+x86_64 | 0.0.1 | 22.00 | 97.00 | 119.00 | OK |
Version: 0.0.1
Check: dependencies in R code
Result: NOTE
Namespace in Imports field not imported from: ‘methods’
All declared Imports should be used.
Flavors: r-devel-linux-x86_64-fedora-clang, r-devel-linux-x86_64-fedora-gcc, r-patched-solaris-x86, r-release-osx-x86_64, r-oldrel-osx-x86_64
Version: 0.0.1
Check: whether package can be installed
Result: ERROR
Installation failed.
Flavor: r-devel-windows-ix86+x86_64