Last updated on 2020-07-02 02:10:02 CEST.
Flavor | Version | Tinstall | Tcheck | Ttotal | Status | Flags |
---|---|---|---|---|---|---|
r-devel-linux-x86_64-debian-clang | 1.3.0 | 25.92 | 140.69 | 166.61 | OK | |
r-devel-linux-x86_64-debian-gcc | 1.3.0 | 23.33 | 105.35 | 128.68 | OK | |
r-devel-linux-x86_64-fedora-clang | 1.3.0 | 210.32 | NOTE | |||
r-devel-linux-x86_64-fedora-gcc | 1.3.0 | 204.68 | OK | |||
r-devel-windows-ix86+x86_64 | 1.3.0 | 55.00 | 197.00 | 252.00 | OK | |
r-patched-linux-x86_64 | 1.3.0 | 26.21 | 141.20 | 167.41 | OK | |
r-patched-solaris-x86 | 1.3.0 | 264.60 | NOTE | |||
r-release-linux-x86_64 | 1.2.0 | 27.16 | 140.25 | 167.41 | OK | |
r-release-osx-x86_64 | 1.2.0 | OK | ||||
r-release-windows-ix86+x86_64 | 1.2.0 | 48.00 | 143.00 | 191.00 | OK | |
r-oldrel-osx-x86_64 | 1.3.0 | OK | ||||
r-oldrel-windows-ix86+x86_64 | 1.3.0 | 40.00 | 145.00 | 185.00 | OK |
Version: 1.3.0
Check: package dependencies
Result: NOTE
Package suggested but not available for checking: ‘arrow’
Imports includes 26 non-default packages.
Importing from so many packages makes the package vulnerable to any of
them becoming unavailable. Move as many as possible to Suggests and
use conditionally.
Flavor: r-devel-linux-x86_64-fedora-clang
Version: 1.3.0
Check: package dependencies
Result: NOTE
Package suggested but not available for checking: ‘arrow’
Flavor: r-patched-solaris-x86
Version: 1.3.0
Check: installed package size
Result: NOTE
installed size is 5.1Mb
sub-directories of 1Mb or more:
R 1.5Mb
java 2.5Mb
Flavor: r-patched-solaris-x86