Last updated on 2020-07-02 02:10:02 CEST.
Flavor | Version | Tinstall | Tcheck | Ttotal | Status | Flags |
---|---|---|---|---|---|---|
r-devel-linux-x86_64-debian-clang | 0.15 | 5.70 | 41.40 | 47.10 | NOTE | |
r-devel-linux-x86_64-debian-gcc | 0.15 | 4.50 | 32.10 | 36.60 | NOTE | |
r-devel-linux-x86_64-fedora-clang | 0.15 | 64.60 | NOTE | |||
r-devel-linux-x86_64-fedora-gcc | 0.15 | 59.80 | NOTE | |||
r-devel-windows-ix86+x86_64 | 0.15 | 17.00 | 88.00 | 105.00 | NOTE | |
r-patched-linux-x86_64 | 0.15 | 5.35 | 41.43 | 46.78 | NOTE | |
r-patched-solaris-x86 | 0.15 | 89.70 | NOTE | |||
r-release-linux-x86_64 | 0.15 | 4.81 | 41.36 | 46.17 | NOTE | |
r-release-osx-x86_64 | 0.15 | NOTE | ||||
r-release-windows-ix86+x86_64 | 0.15 | 14.00 | 63.00 | 77.00 | NOTE | |
r-oldrel-osx-x86_64 | 0.15 | NOTE | ||||
r-oldrel-windows-ix86+x86_64 | 0.15 | 14.00 | 89.00 | 103.00 | NOTE |
Version: 0.15
Check: DESCRIPTION meta-information
Result: NOTE
Checking should be performed on sources prepared by 'R CMD build'.
Flavors: r-devel-linux-x86_64-debian-clang, r-devel-linux-x86_64-debian-gcc, r-devel-linux-x86_64-fedora-clang, r-devel-linux-x86_64-fedora-gcc, r-devel-windows-ix86+x86_64, r-patched-linux-x86_64, r-patched-solaris-x86, r-release-linux-x86_64, r-release-osx-x86_64, r-release-windows-ix86+x86_64, r-oldrel-osx-x86_64, r-oldrel-windows-ix86+x86_64
Version: 0.15
Check: line endings in C/C++/Fortran sources/headers
Result: NOTE
Found the following sources/headers not terminated with a newline:
src/calc.c
Some compilers warn on such files.
Flavors: r-devel-linux-x86_64-debian-clang, r-devel-linux-x86_64-debian-gcc, r-devel-linux-x86_64-fedora-clang, r-devel-linux-x86_64-fedora-gcc, r-devel-windows-ix86+x86_64, r-patched-linux-x86_64, r-patched-solaris-x86, r-release-linux-x86_64, r-release-osx-x86_64, r-release-windows-ix86+x86_64, r-oldrel-osx-x86_64, r-oldrel-windows-ix86+x86_64
Version: 0.15
Check: compiled code
Result: NOTE
File ‘spatialfil/libs/spatialfil.so’:
Found no calls to: ‘R_registerRoutines’, ‘R_useDynamicSymbols’
It is good practice to register native routines and to disable symbol
search.
See ‘Writing portable packages’ in the ‘Writing R Extensions’ manual.
Flavors: r-devel-linux-x86_64-fedora-clang, r-devel-linux-x86_64-fedora-gcc