CRAN Package Check Results for Package spatialfusion

Last updated on 2020-07-02 02:10:02 CEST.

Flavor Version Tinstall Tcheck Ttotal Status Flags
r-devel-linux-x86_64-debian-clang 0.6-2 20.97 157.25 178.22 NOTE
r-devel-linux-x86_64-debian-gcc 0.6-2 15.14 116.48 131.62 NOTE
r-devel-linux-x86_64-fedora-clang 0.6-2 219.48 OK
r-devel-linux-x86_64-fedora-gcc 0.6-2 213.83 OK
r-devel-windows-ix86+x86_64 0.6-2 75.00 144.00 219.00 OK
r-patched-linux-x86_64 0.6-2 17.02 152.02 169.04 NOTE
r-patched-solaris-x86 0.6-2 315.80 NOTE
r-release-linux-x86_64 0.6-2 18.90 151.98 170.88 NOTE
r-release-osx-x86_64 0.6-2 NOTE
r-release-windows-ix86+x86_64 0.6-2 47.00 158.00 205.00 OK
r-oldrel-osx-x86_64 0.6-2 NOTE
r-oldrel-windows-ix86+x86_64 0.6-2 57.00 199.00 256.00 OK

Check Details

Version: 0.6-2
Check: package dependencies
Result: NOTE
    Package suggested but not available for checking: 'INLA'
Flavors: r-devel-linux-x86_64-debian-clang, r-devel-linux-x86_64-debian-gcc, r-patched-linux-x86_64, r-patched-solaris-x86, r-release-linux-x86_64, r-release-osx-x86_64, r-oldrel-osx-x86_64