CRAN Package Check Results for Package spef

Last updated on 2020-07-02 02:10:02 CEST.

Flavor Version Tinstall Tcheck Ttotal Status Flags
r-devel-linux-x86_64-debian-clang 1.0.9 24.47 103.44 127.91 OK
r-devel-linux-x86_64-debian-gcc 1.0.9 17.95 77.81 95.76 OK
r-devel-linux-x86_64-fedora-clang 1.0.9 160.61 OK
r-devel-linux-x86_64-fedora-gcc 1.0.9 157.75 OK
r-devel-windows-ix86+x86_64 1.0.9 48.00 129.00 177.00 OK
r-patched-linux-x86_64 1.0.9 24.42 100.01 124.43 OK
r-patched-solaris-x86 1.0.9 221.00 OK
r-release-linux-x86_64 1.0.9 23.38 99.83 123.21 OK
r-release-osx-x86_64 1.0.9 OK
r-release-windows-ix86+x86_64 1.0.9 32.00 132.00 164.00 OK
r-oldrel-osx-x86_64 1.0.9 WARN
r-oldrel-windows-ix86+x86_64 1.0.9 41.00 190.00 231.00 OK

Check Details

Version: 1.0.9
Check: dependencies in R code
Result: NOTE
    No protocol specified
    No protocol specified
Flavor: r-oldrel-osx-x86_64

Version: 1.0.9
Check: S3 generic/method consistency
Result: WARN
    No protocol specified
    No protocol specified
    See section ‘Generic functions and methods’ in the ‘Writing R
    Extensions’ manual.
Flavor: r-oldrel-osx-x86_64

Version: 1.0.9
Check: replacement functions
Result: WARN
    No protocol specified
    No protocol specified
    The argument of a replacement function which corresponds to the right
    hand side must be named ‘value’.
Flavor: r-oldrel-osx-x86_64

Version: 1.0.9
Check: foreign function calls
Result: NOTE
    No protocol specified
    No protocol specified
    See chapter ‘System and foreign language interfaces’ in the ‘Writing R
    Extensions’ manual.
Flavor: r-oldrel-osx-x86_64

Version: 1.0.9
Check: R code for possible problems
Result: NOTE
    No protocol specified
    No protocol specified
Flavor: r-oldrel-osx-x86_64

Version: 1.0.9
Check: for missing documentation entries
Result: WARN
    No protocol specified
    No protocol specified
    All user-level objects in a package should have documentation entries.
    See chapter ‘Writing R documentation files’ in the ‘Writing R
    Extensions’ manual.
Flavor: r-oldrel-osx-x86_64

Version: 1.0.9
Check: for code/documentation mismatches
Result: WARN
    No protocol specified
    No protocol specified
    No protocol specified
    No protocol specified
    No protocol specified
    No protocol specified
Flavor: r-oldrel-osx-x86_64

Version: 1.0.9
Check: Rd \usage sections
Result: NOTE
    No protocol specified
    No protocol specified
    The \usage entries for S3 methods should use the \method markup and not
    their full name.
    See chapter ‘Writing R documentation files’ in the ‘Writing R
    Extensions’ manual.
Flavor: r-oldrel-osx-x86_64