CRAN Package Check Results for Package stUPscales

Last updated on 2020-07-02 02:10:03 CEST.

Flavor Version Tinstall Tcheck Ttotal Status Flags
r-devel-linux-x86_64-debian-clang 1.0.3.4 19.44 178.02 197.46 NOTE
r-devel-linux-x86_64-debian-gcc 1.0.3.4 15.59 144.75 160.34 NOTE
r-devel-linux-x86_64-fedora-clang 1.0.3.4 238.80 NOTE
r-devel-linux-x86_64-fedora-gcc 1.0.3.4 239.42 NOTE
r-devel-windows-ix86+x86_64 1.0.3.4 62.00 214.00 276.00 OK
r-patched-linux-x86_64 1.0.3.4 17.65 171.53 189.18 NOTE
r-patched-solaris-x86 1.0.3.4 362.70 NOTE
r-release-linux-x86_64 1.0.3.4 18.77 175.61 194.38 NOTE
r-release-osx-x86_64 1.0.3.4 OK
r-release-windows-ix86+x86_64 1.0.3.4 38.00 225.00 263.00 OK
r-oldrel-osx-x86_64 1.0.3.4 ERROR
r-oldrel-windows-ix86+x86_64 1.0.3.4 56.00 294.00 350.00 OK

Check Details

Version: 1.0.3.4
Check: for non-standard things in the check directory
Result: NOTE
    Found the following files/directories:
     'EmiStatR_output' 'ExamplePlot-event.pdf' 'ExamplePlot-season.pdf'
     'Output1_MC-uncertainty_360min-event.pdf'
     'Output1_MC-uncertainty_360min-season.pdf' 'gof.RData' 'gof.csv'
     'gofGoF_results.RData' 'gofGoF_results.csv' 'mc.RData' 'sim1.RData'
     'summ.RData' 'variance.RData'
Flavors: r-devel-linux-x86_64-debian-clang, r-devel-linux-x86_64-debian-gcc, r-devel-linux-x86_64-fedora-clang, r-devel-linux-x86_64-fedora-gcc, r-patched-linux-x86_64, r-patched-solaris-x86, r-release-linux-x86_64

Version: 1.0.3.4
Check: package dependencies
Result: ERROR
    Package required but not available: ‘EmiStatR’
    
    See section ‘The DESCRIPTION file’ in the ‘Writing R Extensions’
    manual.
Flavor: r-oldrel-osx-x86_64