CRAN Package Check Results for Package stlplus

Last updated on 2020-07-02 02:10:03 CEST.

Flavor Version Tinstall Tcheck Ttotal Status Flags
r-devel-linux-x86_64-debian-clang 0.5.1 31.18 37.06 68.24 OK
r-devel-linux-x86_64-debian-gcc 0.5.1 22.40 28.89 51.29 OK
r-devel-linux-x86_64-fedora-clang 0.5.1 101.84 NOTE
r-devel-linux-x86_64-fedora-gcc 0.5.1 88.26 NOTE
r-devel-windows-ix86+x86_64 0.5.1 85.00 72.00 157.00 OK
r-patched-linux-x86_64 0.5.1 24.42 36.87 61.29 OK
r-patched-solaris-x86 0.5.1 101.20 OK
r-release-linux-x86_64 0.5.1 22.32 36.83 59.15 OK
r-release-osx-x86_64 0.5.1 OK
r-release-windows-ix86+x86_64 0.5.1 68.00 78.00 146.00 OK
r-oldrel-osx-x86_64 0.5.1 OK
r-oldrel-windows-ix86+x86_64 0.5.1 65.00 100.00 165.00 OK

Check Details

Version: 0.5.1
Check: compiled code
Result: NOTE
    File ‘stlplus/libs/stlplus.so’:
     Found no calls to: ‘R_registerRoutines’, ‘R_useDynamicSymbols’
    
    It is good practice to register native routines and to disable symbol
    search.
    
    See ‘Writing portable packages’ in the ‘Writing R Extensions’ manual.
Flavors: r-devel-linux-x86_64-fedora-clang, r-devel-linux-x86_64-fedora-gcc