Last updated on 2020-07-02 02:10:03 CEST.
Flavor | Version | Tinstall | Tcheck | Ttotal | Status | Flags |
---|---|---|---|---|---|---|
r-devel-linux-x86_64-debian-clang | 0.1.3 | 16.03 | 188.93 | 204.96 | OK | |
r-devel-linux-x86_64-debian-gcc | 0.1.3 | 14.68 | 141.28 | 155.96 | OK | |
r-devel-linux-x86_64-fedora-clang | 0.1.3 | 247.32 | OK | |||
r-devel-linux-x86_64-fedora-gcc | 0.1.3 | 261.83 | OK | |||
r-devel-windows-ix86+x86_64 | 0.1.3 | 40.00 | 244.00 | 284.00 | OK | |
r-patched-linux-x86_64 | 0.1.3 | 16.40 | 182.07 | 198.47 | OK | |
r-release-linux-x86_64 | 0.1.3 | 15.98 | 184.03 | 200.01 | OK | |
r-release-osx-x86_64 | 0.1.3 | NOTE | ||||
r-release-windows-ix86+x86_64 | 0.1.3 | 32.00 | 175.00 | 207.00 | OK | |
r-oldrel-osx-x86_64 | 0.1.3 | NOTE | ||||
r-oldrel-windows-ix86+x86_64 | 0.1.3 | 44.00 | 228.00 | 272.00 | OK |
Version: 0.1.3
Check: package dependencies
Result: NOTE
Package suggested but not available for checking: ‘Rsymphony’
Flavors: r-release-osx-x86_64, r-oldrel-osx-x86_64