CRAN Package Check Results for Package strataG

Last updated on 2020-07-02 02:10:03 CEST.

Flavor Version Tinstall Tcheck Ttotal Status Flags
r-devel-linux-x86_64-debian-clang 2.4.905 113.63 281.30 394.93 OK --no-vignettes
r-devel-linux-x86_64-debian-gcc 2.4.905 91.81 203.45 295.26 OK --no-vignettes
r-devel-linux-x86_64-fedora-clang 2.4.905 588.30 NOTE
r-devel-linux-x86_64-fedora-gcc 2.4.905 568.87 NOTE
r-devel-windows-ix86+x86_64 2.4.905 299.00 618.00 917.00 NOTE
r-patched-linux-x86_64 2.4.905 75.04 262.55 337.59 OK --no-vignettes
r-patched-solaris-x86 2.4.905 601.70 NOTE --no-vignettes
r-release-linux-x86_64 2.4.905 73.03 261.59 334.62 OK --no-vignettes
r-release-osx-x86_64 2.4.905 WARN
r-release-windows-ix86+x86_64 2.4.905 218.00 424.00 642.00 NOTE
r-oldrel-osx-x86_64 2.4.905 NOTE
r-oldrel-windows-ix86+x86_64 2.4.905 285.00 590.00 875.00 OK

Check Details

Version: 2.4.905
Check: package dependencies
Result: NOTE
    Imports includes 24 non-default packages.
    Importing from so many packages makes the package vulnerable to any of
    them becoming unavailable. Move as many as possible to Suggests and
    use conditionally.
Flavor: r-devel-linux-x86_64-fedora-clang

Version: 2.4.905
Check: installed package size
Result: NOTE
     installed size is 6.3Mb
     sub-directories of 1Mb or more:
     libs 3.6Mb
Flavors: r-devel-linux-x86_64-fedora-clang, r-devel-windows-ix86+x86_64, r-release-osx-x86_64, r-release-windows-ix86+x86_64

Version: 2.4.905
Check: dependencies in R code
Result: NOTE
    Namespaces in Imports field not imported from:
     ‘DT’ ‘Hmisc’ ‘RColorBrewer’ ‘Rcpp’ ‘readr’
     All declared Imports should be used.
Flavors: r-devel-linux-x86_64-fedora-clang, r-devel-linux-x86_64-fedora-gcc, r-release-osx-x86_64, r-oldrel-osx-x86_64

Version: 2.4.905
Flags: --no-vignettes
Check: dependencies in R code
Result: NOTE
    Namespaces in Imports field not imported from:
     ‘DT’ ‘Hmisc’ ‘RColorBrewer’ ‘Rcpp’ ‘readr’
     All declared Imports should be used.
Flavor: r-patched-solaris-x86

Version: 2.4.905
Check: re-building of vignette outputs
Result: WARN
    Error(s) in re-building vignettes:
    --- re-building ‘external.programs.Rmd’ using rmarkdown
    dyld: lazy symbol binding failed: Symbol not found: ____chkstk_darwin
     Referenced from: /usr/local/bin/pandoc (which was built for Mac OS X 10.15)
     Expected in: /usr/lib/libSystem.B.dylib
    
    dyld: Symbol not found: ____chkstk_darwin
     Referenced from: /usr/local/bin/pandoc (which was built for Mac OS X 10.15)
     Expected in: /usr/lib/libSystem.B.dylib
    
    Error: processing vignette 'external.programs.Rmd' failed with diagnostics:
    pandoc document conversion failed with error 6
    --- failed re-building ‘external.programs.Rmd’
    
    --- re-building ‘gtypes.Rmd’ using rmarkdown
    dyld: lazy symbol binding failed: Symbol not found: ____chkstk_darwin
     Referenced from: /usr/local/bin/pandoc (which was built for Mac OS X 10.15)
     Expected in: /usr/lib/libSystem.B.dylib
    
    dyld: Symbol not found: ____chkstk_darwin
     Referenced from: /usr/local/bin/pandoc (which was built for Mac OS X 10.15)
     Expected in: /usr/lib/libSystem.B.dylib
    
    Error: processing vignette 'gtypes.Rmd' failed with diagnostics:
    pandoc document conversion failed with error 6
    --- failed re-building ‘gtypes.Rmd’
    
    --- re-building ‘population.structure.Rmd’ using rmarkdown
    dyld: lazy symbol binding failed: Symbol not found: ____chkstk_darwin
     Referenced from: /usr/local/bin/pandoc (which was built for Mac OS X 10.15)
     Expected in: /usr/lib/libSystem.B.dylib
    
    dyld: Symbol not found: ____chkstk_darwin
     Referenced from: /usr/local/bin/pandoc (which was built for Mac OS X 10.15)
     Expected in: /usr/lib/libSystem.B.dylib
    
    Error: processing vignette 'population.structure.Rmd' failed with diagnostics:
    pandoc document conversion failed with error 6
    --- failed re-building ‘population.structure.Rmd’
    
    --- re-building ‘sequences.Rmd’ using rmarkdown
    dyld: lazy symbol binding failed: Symbol not found: ____chkstk_darwin
     Referenced from: /usr/local/bin/pandoc (which was built for Mac OS X 10.15)
     Expected in: /usr/lib/libSystem.B.dylib
    
    dyld: Symbol not found: ____chkstk_darwin
     Referenced from: /usr/local/bin/pandoc (which was built for Mac OS X 10.15)
     Expected in: /usr/lib/libSystem.B.dylib
    
    Error: processing vignette 'sequences.Rmd' failed with diagnostics:
    pandoc document conversion failed with error 6
    --- failed re-building ‘sequences.Rmd’
    
    --- re-building ‘summaries.Rmd’ using rmarkdown
    dyld: lazy symbol binding failed: Symbol not found: ____chkstk_darwin
     Referenced from: /usr/local/bin/pandoc (which was built for Mac OS X 10.15)
     Expected in: /usr/lib/libSystem.B.dylib
    
    dyld: Symbol not found: ____chkstk_darwin
     Referenced from: /usr/local/bin/pandoc (which was built for Mac OS X 10.15)
     Expected in: /usr/lib/libSystem.B.dylib
    
    Error: processing vignette 'summaries.Rmd' failed with diagnostics:
    pandoc document conversion failed with error 6
    --- failed re-building ‘summaries.Rmd’
    
    SUMMARY: processing the following files failed:
     ‘external.programs.Rmd’ ‘gtypes.Rmd’ ‘population.structure.Rmd’
     ‘sequences.Rmd’ ‘summaries.Rmd’
    
    Error: Vignette re-building failed.
    Execution halted
Flavor: r-release-osx-x86_64