CRAN Package Check Results for Package subscreen

Last updated on 2020-07-02 02:10:03 CEST.

Flavor Version Tinstall Tcheck Ttotal Status Flags
r-devel-linux-x86_64-debian-clang 2.0.1 3.60 35.80 39.40 OK
r-devel-linux-x86_64-debian-gcc 2.0.1 2.84 28.52 31.36 OK
r-devel-linux-x86_64-fedora-clang 2.0.1 55.77 NOTE
r-devel-linux-x86_64-fedora-gcc 2.0.1 50.15 NOTE
r-devel-windows-ix86+x86_64 2.0.1 17.00 72.00 89.00 OK
r-patched-linux-x86_64 2.0.1 3.44 35.57 39.01 OK
r-patched-solaris-x86 2.0.1 79.60 NOTE
r-release-linux-x86_64 2.0.1 4.00 35.27 39.27 OK
r-release-osx-x86_64 2.0.1 NOTE
r-release-windows-ix86+x86_64 2.0.1 11.00 45.00 56.00 OK
r-oldrel-osx-x86_64 2.0.1 NOTE
r-oldrel-windows-ix86+x86_64 2.0.1 12.00 93.00 105.00 OK

Check Details

Version: 2.0.1
Check: dependencies in R code
Result: NOTE
    Namespaces in Imports field not imported from:
     ‘DT’ ‘V8’ ‘bsplus’ ‘colourpicker’ ‘dplyr’ ‘grDevices’ ‘graphics’
     ‘jsonlite’ ‘shinyjs’
     All declared Imports should be used.
Flavors: r-devel-linux-x86_64-fedora-clang, r-devel-linux-x86_64-fedora-gcc, r-patched-solaris-x86, r-release-osx-x86_64, r-oldrel-osx-x86_64