Last updated on 2020-07-02 02:10:03 CEST.
Flavor | Version | Tinstall | Tcheck | Ttotal | Status | Flags |
---|---|---|---|---|---|---|
r-devel-linux-x86_64-debian-clang | 0.2.2 | 15.04 | 216.65 | 231.69 | OK | |
r-devel-linux-x86_64-debian-gcc | 0.2.2 | 11.40 | 160.48 | 171.88 | OK | |
r-devel-linux-x86_64-fedora-clang | 0.2.2 | 277.58 | NOTE | |||
r-devel-linux-x86_64-fedora-gcc | 0.2.2 | 280.96 | NOTE | |||
r-devel-windows-ix86+x86_64 | 0.2.2 | 56.00 | 217.00 | 273.00 | OK | |
r-patched-linux-x86_64 | 0.2.2 | 10.63 | 208.81 | 219.44 | OK | |
r-patched-solaris-x86 | 0.2.2 | 380.10 | NOTE | |||
r-release-linux-x86_64 | 0.2.2 | 11.69 | 209.51 | 221.20 | OK | |
r-release-osx-x86_64 | 0.2.2 | NOTE | ||||
r-release-windows-ix86+x86_64 | 0.2.2 | 30.00 | 218.00 | 248.00 | OK | |
r-oldrel-osx-x86_64 | 0.2.2 | NOTE | ||||
r-oldrel-windows-ix86+x86_64 | 0.2.2 | 45.00 | 284.00 | 329.00 | OK |
Version: 0.2.2
Check: dependencies in R code
Result: NOTE
Namespaces in Imports field not imported from:
‘lazyeval’ ‘lubridate’ ‘tidyr’
All declared Imports should be used.
Flavors: r-devel-linux-x86_64-fedora-clang, r-devel-linux-x86_64-fedora-gcc, r-patched-solaris-x86, r-release-osx-x86_64, r-oldrel-osx-x86_64