CRAN Package Check Results for Package symbolicDA

Last updated on 2020-07-02 02:10:03 CEST.

Flavor Version Tinstall Tcheck Ttotal Status Flags
r-devel-linux-x86_64-debian-clang 0.6-2 25.40 561.46 586.86 OK
r-devel-linux-x86_64-debian-gcc 0.6-2 17.41 387.97 405.38 OK
r-devel-linux-x86_64-fedora-clang 0.6-2 618.54 OK
r-devel-linux-x86_64-fedora-gcc 0.6-2 624.31 OK
r-devel-windows-ix86+x86_64 0.6-2 76.00 161.00 237.00 OK --no-examples --no-tests --no-vignettes
r-patched-linux-x86_64 0.6-2 17.91 531.42 549.33 OK
r-patched-solaris-x86 0.6-2 722.50 OK
r-release-linux-x86_64 0.6-2 16.12 536.37 552.49 OK
r-release-osx-x86_64 0.6-2 OK
r-release-windows-ix86+x86_64 0.6-2 46.00 133.00 179.00 OK --no-examples --no-tests --no-vignettes
r-oldrel-osx-x86_64 0.6-2 WARN
r-oldrel-windows-ix86+x86_64 0.6-2 57.00 225.00 282.00 OK --no-examples --no-tests --no-vignettes

Check Details

Version: 0.6-2
Check: whether package can be installed
Result: WARN
    Found the following significant warnings:
     Warning: 'rgl_init' failed, running with rgl.useNULL = TRUE
Flavor: r-oldrel-osx-x86_64

Version: 0.6-2
Check: dependencies in R code
Result: NOTE
    No protocol specified
Flavor: r-oldrel-osx-x86_64

Version: 0.6-2
Check: S3 generic/method consistency
Result: WARN
    No protocol specified
    See section ‘Generic functions and methods’ in the ‘Writing R
    Extensions’ manual.
Flavor: r-oldrel-osx-x86_64

Version: 0.6-2
Check: replacement functions
Result: WARN
    No protocol specified
    The argument of a replacement function which corresponds to the right
    hand side must be named ‘value’.
Flavor: r-oldrel-osx-x86_64

Version: 0.6-2
Check: foreign function calls
Result: NOTE
    No protocol specified
    See chapter ‘System and foreign language interfaces’ in the ‘Writing R
    Extensions’ manual.
Flavor: r-oldrel-osx-x86_64

Version: 0.6-2
Check: R code for possible problems
Result: NOTE
    No protocol specified
Flavor: r-oldrel-osx-x86_64

Version: 0.6-2
Check: for missing documentation entries
Result: WARN
    No protocol specified
    All user-level objects in a package should have documentation entries.
    See chapter ‘Writing R documentation files’ in the ‘Writing R
    Extensions’ manual.
Flavor: r-oldrel-osx-x86_64

Version: 0.6-2
Check: for code/documentation mismatches
Result: WARN
    No protocol specified
    No protocol specified
    No protocol specified
Flavor: r-oldrel-osx-x86_64

Version: 0.6-2
Check: Rd \usage sections
Result: NOTE
    No protocol specified
    The \usage entries for S3 methods should use the \method markup and not
    their full name.
    See chapter ‘Writing R documentation files’ in the ‘Writing R
    Extensions’ manual.
Flavor: r-oldrel-osx-x86_64