CRAN Package Check Results for Package teachingApps

Last updated on 2020-07-02 02:10:03 CEST.

Flavor Version Tinstall Tcheck Ttotal Status Flags
r-devel-linux-x86_64-debian-clang 1.0.8 249.33 88.07 337.40 OK
r-devel-linux-x86_64-debian-gcc 1.0.8 182.56 66.43 248.99 OK
r-devel-linux-x86_64-fedora-clang 1.0.8 478.89 NOTE
r-devel-linux-x86_64-fedora-gcc 1.0.8 435.46 OK
r-devel-windows-ix86+x86_64 1.0.8 634.00 205.00 839.00 NOTE
r-patched-linux-x86_64 1.0.8 178.58 86.27 264.85 OK
r-patched-solaris-x86 1.0.8 365.30 OK
r-release-linux-x86_64 1.0.8 178.71 86.59 265.30 OK
r-release-osx-x86_64 1.0.8 NOTE
r-release-windows-ix86+x86_64 1.0.8 490.00 145.00 635.00 NOTE
r-oldrel-osx-x86_64 1.0.8 NOTE
r-oldrel-windows-ix86+x86_64 1.0.8 508.00 194.00 702.00 NOTE

Check Details

Version: 1.0.8
Check: installed package size
Result: NOTE
     installed size is 16.3Mb
     sub-directories of 1Mb or more:
     apps 3.2Mb
     libs 11.1Mb
Flavors: r-devel-linux-x86_64-fedora-clang, r-devel-windows-ix86+x86_64, r-release-osx-x86_64, r-release-windows-ix86+x86_64, r-oldrel-osx-x86_64, r-oldrel-windows-ix86+x86_64