CRAN Package Check Results for Package teamcolors

Last updated on 2020-07-02 02:10:03 CEST.

Flavor Version Tinstall Tcheck Ttotal Status Flags
r-devel-linux-x86_64-debian-clang 0.0.4 4.08 42.01 46.09 OK
r-devel-linux-x86_64-debian-gcc 0.0.4 3.20 32.06 35.26 OK
r-devel-linux-x86_64-fedora-clang 0.0.4 63.39 NOTE
r-devel-linux-x86_64-fedora-gcc 0.0.4 56.06 OK
r-devel-windows-ix86+x86_64 0.0.4 25.00 58.00 83.00 OK
r-patched-linux-x86_64 0.0.4 4.61 40.63 45.24 OK
r-patched-solaris-x86 0.0.4 79.50 OK
r-release-linux-x86_64 0.0.4 4.40 40.21 44.61 OK
r-release-osx-x86_64 0.0.4 OK
r-release-windows-ix86+x86_64 0.0.4 10.00 60.00 70.00 OK
r-oldrel-osx-x86_64 0.0.4 OK
r-oldrel-windows-ix86+x86_64 0.0.4 16.00 75.00 91.00 OK

Check Details

Version: 0.0.4
Check: Rd cross-references
Result: NOTE
    Undeclared package ‘scales’ in Rd xrefs
Flavor: r-devel-linux-x86_64-fedora-clang