CRAN Package Check Results for Package tensorBSS

Last updated on 2020-07-02 02:10:03 CEST.

Flavor Version Tinstall Tcheck Ttotal Status Flags
r-devel-linux-x86_64-debian-clang 0.3.6 47.32 142.48 189.80 OK
r-devel-linux-x86_64-debian-gcc 0.3.6 34.72 106.75 141.47 OK
r-devel-linux-x86_64-fedora-clang 0.3.6 244.00 NOTE
r-devel-linux-x86_64-fedora-gcc 0.3.6 238.23 OK
r-devel-windows-ix86+x86_64 0.3.6 150.00 235.00 385.00 OK
r-patched-linux-x86_64 0.3.6 32.66 137.10 169.76 OK
r-patched-solaris-x86 0.3.6 298.80 OK
r-release-linux-x86_64 0.3.6 29.51 136.82 166.33 OK
r-release-osx-x86_64 0.3.6 OK
r-release-windows-ix86+x86_64 0.3.6 99.00 242.00 341.00 OK
r-oldrel-osx-x86_64 0.3.6 OK
r-oldrel-windows-ix86+x86_64 0.3.6 129.00 306.00 435.00 OK

Check Details

Version: 0.3.6
Check: Rd cross-references
Result: NOTE
    Undeclared package ‘fICA’ in Rd xrefs
Flavor: r-devel-linux-x86_64-fedora-clang